{"id":46,"date":"2021-03-31T14:51:18","date_gmt":"2021-03-31T12:51:18","guid":{"rendered":"http:\/\/www.rallu.fr\/?page_id=46"},"modified":"2021-04-09T10:16:52","modified_gmt":"2021-04-09T08:16:52","slug":"a-propos-de-rallu","status":"publish","type":"page","link":"https:\/\/www.rallu.fr\/index.php\/lentreprise\/a-propos-de-rallu\/","title":{"rendered":"\u00e0 propos de Rallu"},"content":{"rendered":"\n<p><\/p>\n\n\n\n<div class=\"wp-block-media-text alignwide has-media-on-the-right is-image-fill\" style=\"grid-template-columns:auto 42%\"><figure class=\"wp-block-media-text__media\" style=\"background-image:url(http:\/\/www.rallu.fr\/wp-content\/uploads\/2021\/04\/P22645875D4047194G_crop_1080-600_-1.jpg);background-position:50% 50%\"><img loading=\"lazy\" decoding=\"async\" width=\"1024\" height=\"600\" src=\"http:\/\/www.rallu.fr\/wp-content\/uploads\/2021\/04\/P22645875D4047194G_crop_1080-600_-1.jpg\" alt=\"\" class=\"wp-image-190\" srcset=\"https:\/\/www.rallu.fr\/wp-content\/uploads\/2021\/04\/P22645875D4047194G_crop_1080-600_-1.jpg 1024w, https:\/\/www.rallu.fr\/wp-content\/uploads\/2021\/04\/P22645875D4047194G_crop_1080-600_-1-300x176.jpg 300w, https:\/\/www.rallu.fr\/wp-content\/uploads\/2021\/04\/P22645875D4047194G_crop_1080-600_-1-768x450.jpg 768w\" sizes=\"(max-width: 1024px) 100vw, 1024px\" \/><\/figure><div class=\"wp-block-media-text__content\">\n<p>Cr\u00e9\u00e9 en 1949, suite \u00e0 une activit\u00e9 personnelle datant du milieu du 19<sup>\u00e8me<\/sup>&nbsp;si\u00e8cle, \u00e0 l\u2019\u00e9poque o\u00f9 les chevaux n\u2019\u00e9taient pas sous le moteur, mais devant les diligences, notre soci\u00e9t\u00e9 est \u00e0 ce jour l\u2019une des plus vieilles entreprises Bretonne de transport Routier de marchandise, 100% familiale.<br>Sp\u00e9cialis\u00e9e dans le pilotage de vos flux,&nbsp;<strong>RALLU Transports<\/strong>&nbsp;s\u2019adresse aux secteurs de l\u2019industrie automobile, aux secteurs du luxe, de l\u2019industrie pharmaceutique, de l\u2019agroalimentaire, de la construction et du b\u00e2timent, et de tout ce qui peut se transporter en temp\u00e9ratures ambiante par la route, les voies maritimes, ou a\u00e9riennes.<\/p>\n\n\n\n<p>Implant\u00e9e historiquement \u00e0&nbsp;<strong>Foug\u00e8res<\/strong>&nbsp;en Ille-et-Vilaine (35), le long de l\u2019autoroute des Estuaires (A84), aux portes d\u2019entr\u00e9es historiques de la Bretagne, notre entreprise est&nbsp;<strong>id\u00e9alement situ\u00e9e<\/strong>&nbsp;sur un axe Nord-Sud, \u00e0 deux pas des ports de&nbsp;<strong>Saint-Malo<\/strong>,&nbsp;<strong>Ouistreham<\/strong>,&nbsp;<strong>Cherbourg<\/strong>&nbsp;et&nbsp;<strong>Le Havre<\/strong>.<\/p>\n<\/div><\/div>\n\n\n\n<div style=\"height:60px\" aria-hidden=\"true\" class=\"wp-block-spacer\"><\/div>\n\n\n\n<p>    <\/p>\n\n\n\n<p><\/p>\n\n\n\n<div class=\"wp-block-media-text alignwide is-image-fill\" style=\"grid-template-columns:54% auto\"><figure class=\"wp-block-media-text__media\" style=\"background-image:url(http:\/\/www.rallu.fr\/wp-content\/uploads\/2021\/04\/1571747078237-1024x509.jpg);background-position:50% 50%\"><img loading=\"lazy\" decoding=\"async\" width=\"1024\" height=\"509\" src=\"http:\/\/www.rallu.fr\/wp-content\/uploads\/2021\/04\/1571747078237-1024x509.jpg\" alt=\"\" class=\"wp-image-105\" srcset=\"https:\/\/www.rallu.fr\/wp-content\/uploads\/2021\/04\/1571747078237-1024x509.jpg 1024w, https:\/\/www.rallu.fr\/wp-content\/uploads\/2021\/04\/1571747078237-300x150.jpg 300w, https:\/\/www.rallu.fr\/wp-content\/uploads\/2021\/04\/1571747078237-768x382.jpg 768w, https:\/\/www.rallu.fr\/wp-content\/uploads\/2021\/04\/1571747078237.jpg 1536w\" sizes=\"(max-width: 1024px) 100vw, 1024px\" \/><\/figure><div class=\"wp-block-media-text__content\">\n<p>Ayant depuis de nombreuses ann\u00e9es une grosse activit\u00e9 de groupage sur la R\u00e9gion Parisienne Nord, avec l\u2019A\u00e9roport de Roissy Charles de Gaulle, notre soci\u00e9t\u00e9 a d\u00e9cid\u00e9 de s\u2019y implanter physiquement depuis maintenant 3 ann\u00e9es, avec un site bas\u00e9 \u00e0&nbsp;<strong>Mitry-Mory<\/strong>&nbsp;(77), \u00e0 deux pas de l\u2019a\u00e9roport RCDG.<\/p>\n\n\n\n<p>Forte dor\u00e9navant de plus de 20&nbsp;000 m\u00b2 d\u2019entrep\u00f4ts hautement s\u00e9curis\u00e9s, et partenaire de confr\u00e8res sp\u00e9cialis\u00e9s dans l\u2019A\u00e9rien, le maritime, la douane, et les exp\u00e9ditions de 1 \u00e0 33 palettes toute Europe, sur des&nbsp;<strong>d\u00e9lais et des tarifs extr\u00eamement comp\u00e9titifs<\/strong>, nous sommes \u00e0 m\u00eames de vous apporter des&nbsp;<strong>solutions personnalis\u00e9es<\/strong>&nbsp;dans la&nbsp;<strong>gestion de stocks<\/strong>&nbsp;et le&nbsp;<strong>pilotage de vos flux<\/strong>&nbsp;au quotidien.<\/p>\n\n\n\n<p>Afin de parfaire son offre,&nbsp;<strong>RALLU Transports<\/strong>&nbsp;a int\u00e9gr\u00e9 le groupement FLO depuis plus de trois ans, parachevant ainsi une approche globale et compl\u00e8te des prestations propos\u00e9es \u00e0 ses clients, nous permettant ainsi de pouvoir r\u00e9pondre \u00e0 nos partenaires avec une gamme compl\u00e8te de services.<\/p>\n<\/div><\/div>\n","protected":false},"excerpt":{"rendered":"<p>Cr\u00e9\u00e9 en 1949, suite \u00e0 une activit\u00e9 personnelle datant du milieu du 19\u00e8me&nbsp;si\u00e8cle, \u00e0 l\u2019\u00e9poque o\u00f9 les chevaux n\u2019\u00e9taient pas sous le moteur, mais devant les diligences, notre soci\u00e9t\u00e9 est &#8230;<\/p>\n","protected":false},"author":1,"featured_media":94,"parent":44,"menu_order":0,"comment_status":"closed","ping_status":"closed","template":"template-fullwidth.php","meta":{"footnotes":""},"class_list":["post-46","page","type-page","status-publish","has-post-thumbnail","hentry"],"_links":{"self":[{"href":"https:\/\/www.rallu.fr\/index.php\/wp-json\/wp\/v2\/pages\/46"}],"collection":[{"href":"https:\/\/www.rallu.fr\/index.php\/wp-json\/wp\/v2\/pages"}],"about":[{"href":"https:\/\/www.rallu.fr\/index.php\/wp-json\/wp\/v2\/types\/page"}],"author":[{"embeddable":true,"href":"https:\/\/www.rallu.fr\/index.php\/wp-json\/wp\/v2\/users\/1"}],"replies":[{"embeddable":true,"href":"https:\/\/www.rallu.fr\/index.php\/wp-json\/wp\/v2\/comments?post=46"}],"version-history":[{"count":12,"href":"https:\/\/www.rallu.fr\/index.php\/wp-json\/wp\/v2\/pages\/46\/revisions"}],"predecessor-version":[{"id":193,"href":"https:\/\/www.rallu.fr\/index.php\/wp-json\/wp\/v2\/pages\/46\/revisions\/193"}],"up":[{"embeddable":true,"href":"https:\/\/www.rallu.fr\/index.php\/wp-json\/wp\/v2\/pages\/44"}],"wp:featuredmedia":[{"embeddable":true,"href":"https:\/\/www.rallu.fr\/index.php\/wp-json\/wp\/v2\/media\/94"}],"wp:attachment":[{"href":"https:\/\/www.rallu.fr\/index.php\/wp-json\/wp\/v2\/media?parent=46"}],"curies":[{"name":"wp","href":"https:\/\/api.w.org\/{rel}","templated":true}]}}

à propos de Rallu

<p></p>



<div class="wp-block-media-text alignwide has-media-on-the-right is-image-fill" style="grid-template-columns:auto 42%"><figure class="wp-block-media-text__media" style="background-image:url(http://www.rallu.fr/wp-content/uploads/2021/04/P22645875D4047194G_crop_1080-600_-1.jpg);background-position:50% 50%"><img loading="lazy" decoding="async" width="1024" height="600" src="http://www.rallu.fr/wp-content/uploads/2021/04/P22645875D4047194G_crop_1080-600_-1.jpg" alt="" class="wp-image-190" srcset="https://www.rallu.fr/wp-content/uploads/2021/04/P22645875D4047194G_crop_1080-600_-1.jpg 1024w, https://www.rallu.fr/wp-content/uploads/2021/04/P22645875D4047194G_crop_1080-600_-1-300x176.jpg 300w, https://www.rallu.fr/wp-content/uploads/2021/04/P22645875D4047194G_crop_1080-600_-1-768x450.jpg 768w" sizes="(max-width: 1024px) 100vw, 1024px" /></figure><div class="wp-block-media-text__content">
<p>Créé en 1949, suite à une activité personnelle datant du milieu du 19<sup>ème</sup>&nbsp;siècle, à l’époque où les chevaux n’étaient pas sous le moteur, mais devant les diligences, notre société est à ce jour l’une des plus vieilles entreprises Bretonne de transport Routier de marchandise, 100% familiale.<br>Spécialisée dans le pilotage de vos flux,&nbsp;<strong>RALLU Transports</strong>&nbsp;s’adresse aux secteurs de l’industrie automobile, aux secteurs du luxe, de l’industrie pharmaceutique, de l’agroalimentaire, de la construction et du bâtiment, et de tout ce qui peut se transporter en températures ambiante par la route, les voies maritimes, ou aériennes.</p>



<p>Implantée historiquement à&nbsp;<strong>Fougères</strong>&nbsp;en Ille-et-Vilaine (35), le long de l’autoroute des Estuaires (A84), aux portes d’entrées historiques de la Bretagne, notre entreprise est&nbsp;<strong>idéalement située</strong>&nbsp;sur un axe Nord-Sud, à deux pas des ports de&nbsp;<strong>Saint-Malo</strong>,&nbsp;<strong>Ouistreham</strong>,&nbsp;<strong>Cherbourg</strong>&nbsp;et&nbsp;<strong>Le Havre</strong>.</p>
</div></div>



<div style="height:60px" aria-hidden="true" class="wp-block-spacer"></div>



<p>    </p>



<p></p>



<div class="wp-block-media-text alignwide is-image-fill" style="grid-template-columns:54% auto"><figure class="wp-block-media-text__media" style="background-image:url(http://www.rallu.fr/wp-content/uploads/2021/04/1571747078237-1024x509.jpg);background-position:50% 50%"><img loading="lazy" decoding="async" width="1024" height="509" src="http://www.rallu.fr/wp-content/uploads/2021/04/1571747078237-1024x509.jpg" alt="" class="wp-image-105" srcset="https://www.rallu.fr/wp-content/uploads/2021/04/1571747078237-1024x509.jpg 1024w, https://www.rallu.fr/wp-content/uploads/2021/04/1571747078237-300x150.jpg 300w, https://www.rallu.fr/wp-content/uploads/2021/04/1571747078237-768x382.jpg 768w, https://www.rallu.fr/wp-content/uploads/2021/04/1571747078237.jpg 1536w" sizes="(max-width: 1024px) 100vw, 1024px" /></figure><div class="wp-block-media-text__content">
<p>Ayant depuis de nombreuses années une grosse activité de groupage sur la Région Parisienne Nord, avec l’Aéroport de Roissy Charles de Gaulle, notre société a décidé de s’y implanter physiquement depuis maintenant 3 années, avec un site basé à&nbsp;<strong>Mitry-Mory</strong>&nbsp;(77), à deux pas de l’aéroport RCDG.</p>



<p>Forte dorénavant de plus de 20&nbsp;000 m² d’entrepôts hautement sécurisés, et partenaire de confrères spécialisés dans l’Aérien, le maritime, la douane, et les expéditions de 1 à 33 palettes toute Europe, sur des&nbsp;<strong>délais et des tarifs extrêmement compétitifs</strong>, nous sommes à mêmes de vous apporter des&nbsp;<strong>solutions personnalisées</strong>&nbsp;dans la&nbsp;<strong>gestion de stocks</strong>&nbsp;et le&nbsp;<strong>pilotage de vos flux</strong>&nbsp;au quotidien.</p>



<p>Afin de parfaire son offre,&nbsp;<strong>RALLU Transports</strong>&nbsp;a intégré le groupement FLO depuis plus de trois ans, parachevant ainsi une approche globale et complète des prestations proposées à ses clients, nous permettant ainsi de pouvoir répondre à nos partenaires avec une gamme complète de services.</p>
</div></div>

<p>Créé en 1949, suite à une activité personnelle datant du milieu du 19ème&nbsp;siècle, à l’époque où les chevaux n’étaient pas sous le moteur, mais devant les diligences, notre société est &#8230;</p>
